{"id":175,"date":"2025-06-05T16:25:49","date_gmt":"2025-06-05T14:25:49","guid":{"rendered":"https:\/\/ecotranslc.com\/?page_id=175"},"modified":"2025-06-05T16:25:49","modified_gmt":"2025-06-05T14:25:49","slug":"traduction-commerciale-generale","status":"publish","type":"page","link":"https:\/\/ecotranslc.com\/?page_id=175","title":{"rendered":"Traduction commerciale g\u00e9n\u00e9rale"},"content":{"rendered":"\n<p><strong>Traduction commerciale g\u00e9n\u00e9rale<\/strong> : Guides d&#8217;utilisation, manuels de formation, guides de l&#8217;employ\u00e9, essais cliniques, pr\u00e9sentations commerciales, protocoles d&#8217;accord, accords de partenariat, etc.<\/p>\n","protected":false},"excerpt":{"rendered":"<p>Traduction commerciale g\u00e9n\u00e9rale : Guides d&#8217;utilisation, manuels de formation, guides de l&#8217;employ\u00e9, essais cliniques, pr\u00e9sentations commerciales, protocoles d&#8217;accord, accords de partenariat, etc.<\/p>\n","protected":false},"author":1,"featured_media":0,"parent":0,"menu_order":0,"comment_status":"closed","ping_status":"closed","template":"","meta":{"footnotes":""},"class_list":["post-175","page","type-page","status-publish","hentry"],"_links":{"self":[{"href":"https:\/\/ecotranslc.com\/index.php?rest_route=\/wp\/v2\/pages\/175","targetHints":{"allow":["GET"]}}],"collection":[{"href":"https:\/\/ecotranslc.com\/index.php?rest_route=\/wp\/v2\/pages"}],"about":[{"href":"https:\/\/ecotranslc.com\/index.php?rest_route=\/wp\/v2\/types\/page"}],"author":[{"embeddable":true,"href":"https:\/\/ecotranslc.com\/index.php?rest_route=\/wp\/v2\/users\/1"}],"replies":[{"embeddable":true,"href":"https:\/\/ecotranslc.com\/index.php?rest_route=%2Fwp%2Fv2%2Fcomments&post=175"}],"version-history":[{"count":1,"href":"https:\/\/ecotranslc.com\/index.php?rest_route=\/wp\/v2\/pages\/175\/revisions"}],"predecessor-version":[{"id":176,"href":"https:\/\/ecotranslc.com\/index.php?rest_route=\/wp\/v2\/pages\/175\/revisions\/176"}],"wp:attachment":[{"href":"https:\/\/ecotranslc.com\/index.php?rest_route=%2Fwp%2Fv2%2Fmedia&parent=175"}],"curies":[{"name":"wp","href":"https:\/\/api.w.org\/{rel}","templated":true}]}}